5
Let x(z) = 17*z + 4. What is x(5)?
89
Let g(z) = 26*z**2 + 1. Calculate g(-1).
27
Let k(i) = -i**2 - 3*i. What is k(5)?
-40
Let p(t) = t**3 - 18*t**2 - 41*t + 63. Give p(20).
43
Let v(t) = 4*t + 5. What is v(-9)?
-31
Let g(f) = -6*f + 3. What is g(-3)?
21
Let v(c) = 3*c - 14. What is v(7)?
7
Let x(k) = 3*k - 2. Determine x(2).
4
Let x(o) = -o + 2. Calculate x(-7).
9
Let z(x) = -x - 1. What is z(-7)?
6
Let k(a) = -a**3 + 5*a**2 - 5*a + 13. What is k(6)?
-53
Let d(k) = k**3 - 10*k**2 - 14*k - 15. Give d(11).
-48
Let h(n) = n**2 + 20*n + 96. Determine h(-13).
5
Let u(g) = g**3 + 5*g**2 - 2*g + 1. Give u(-4).
25
Let m(o) = -o**3 + 2*o**2 - 20. What is m(0)?
-20
Let o(w) = -2*w - 6. Determine o(-23).
40
Let r(s) = s**3 + 4*s**2 - 2*s + 4. What is r(-5)?
-11
Let f(c) = c**3 + 8*c**2 - 8*c + 9. Determine f(-9).
0
Let i(t) = -2*t**2 - 6*t + 9. What is i(-6)?
-27
Let u(l) = -3*l - 57. Give u(-16).
-9
Let u(j) = 2*j**3 + 22*j**2 + 15*j - 43. What is u(-10)?
7
Let w(z) = -z**3 + 10*z**2 + 3*z - 13. What is w(10)?
17
Let o(c) = -11*c - 11. What is o(-1)?
0
Let t(l) = -l**2 + l - 23. Calculate t(0).
-23
Let p(j) = -4*j - 9. Calculate p(-6).
15
Let t(o) = o**3 - 12*o**2 + o - 3. What is t(12)?
9
Let r(j) = 6*j**3 - 2*j**2 - j. Determine r(-1).
-7
Let j(c) = c**3 + 8*c**2 - 11*c + 6. Give j(-9).
24
Let a(d) = d**2 - 22*d - 54. Give a(23).
-31
Let o(c) = -2*c**2 + 5*c + 1. Give o(5).
-24
Let k(p) = -p**3 + 6*p**2 - 14*p + 57. Calculate k(7).
-90
Let z(i) = i**3 - 3*i**2 + 2*i + 3. Calculate z(-2).
-21
Let h(j) = -j**3 + 5*j**2 + 3*j - 1. Give h(5).
14
Let m(a) = 25*a - 1453. What is m(58)?
-3
Let x(z) = -7*z - 19. What is x(-9)?
44
Let f(v) = 5*v + 42. What is f(-2)?
32
Let c(j) = -j**2 + 22*j + 43. What is c(24)?
-5
Let v(a) = -a**2 + 16*a - 6. Give v(15).
9
Let q(i) = i**3 + 2*i**2 + 2*i. Calculate q(-2).
-4
Let w(i) = -i - 11. Give w(-6).
-5
Let u(r) = r**2 + 28*r + 90. Give u(-24).
-6
Let c(d) = 2*d - 10. Calculate c(22).
34
Let w(h) = h**3 + 9*h**2 - 19*h - 9. Determine w(-11).
-42
Let k(o) = -13*o**3 - o**2 - 6*o - 5. Determine k(-2).
107
Let i(t) = 5*t**3 + 3*t**2 + 2*t + 1. Calculate i(-2).
-31
Let i(m) = -4*m**2 + 33*m - 23. Calculate i(7).
12
Let q(m) = m - 20. What is q(-10)?
-30
Let y(p) = 5*p**3 + 5*p**2 + 4*p - 2. Determine y(-2).
-30
Let g(j) = -j**2 - j + 73. Give g(-10).
-17
Let j(s) = -13*s - 474. Calculate j(-36).
-6
Let n(w) = w**2 - 2*w. Calculate n(1).
-1
Let t(c) = 26*c**3 - 2*c**2 + c + 2. Give t(-1).
-27
Let c(k) = k**3 + 6*k**2 + 44*k + 270. Determine c(-6).
6
Let c(n) = -12*n + 55. Determine c(4).
7
Let z(m) = 17*m**3 + m**2 - 2*m - 1. Determine z(-2).
-129
Let r(n) = n**3 - 5*n**2 + 11*n - 10. Give r(4).
18
Let v(a) = -3*a**2 + 3*a + 3. Determine v(4).
-33
Let q(u) = -u**3 + 10*u**2 - 11*u - 68. Calculate q(7).
2
Let y(j) = -j**2 + 14*j + 13. Give y(15).
-2
Let d(n) = -3*n - 21. What is d(-6)?
-3
Let x(o) = -o**3 + 4*o**2 + 17*o + 8. Give x(6).
38
Let t(f) = 5*f**2 + 4*f. Give t(-2).
12
Let d(c) = -3*c + 23. What is d(8)?
-1
Let w(k) = k**2 + 7*k + 2. Determine w(-8).
10
Let y(u) = 19*u. Calculate y(-1).
-19
Let p(x) = 4*x**2 - 14*x - 3. Determine p(4).
5
Let v(f) = -f - 12. Determine v(5).
-17
Let f(x) = x - 2. Determine f(-5).
-7
Let h(x) = x**3 - 30*x**2 + 34*x - 50. Give h(29).
95
Let g(d) = -3*d + 59. Calculate g(21).
-4
Let s(k) = -5*k - 7. Determine s(-3).
8
Let u(f) = -f**2 - 19*f + 37. What is u(-20)?
17
Let l(n) = n**3 - 3*n**2 - 6*n - 6. Give l(5).
14
Let p(t) = t**3 - 2*t**2 + 2*t - 3. What is p(2)?
1
Let y(d) = 3*d**2 + 5*d - 3. Calculate y(4).
65
Let f(l) = -l**2 - 3. Calculate f(-2).
-7
Let j(n) = -3*n**2 + 7*n + 16. Determine j(5).
-24
Let y(m) = 27*m. Give y(-1).
-27
Let c(y) = -2*y**3 + 7*y**2 - 8*y + 9. Give c(5).
-106
Let y(h) = -h + 2. Determine y(-6).
8
Let r(x) = x**3 + 5*x**2 + 5*x + 18. What is r(-5)?
-7
Let w(x) = -x**2 + 5*x - 20. What is w(3)?
-14
Let g(a) = a**2 - 3*a + 5. What is g(-7)?
75
Let z(s) = s - 32. What is z(5)?
-27
Let b(f) = -29*f - 14. Calculate b(-2).
44
Let v(a) = -3*a**2 - 23*a - 1. Give v(-9).
-37
Let z(y) = y**3 + 15*y**2 + 14*y + 16. Determine z(-14).
16
Let s(b) = 3*b - 9. Give s(9).
18
Let x(b) = 3*b**2 + 23*b - 7. Calculate x(-6).
-37
Let p(v) = v**3 + 13*v**2 + 23*v + 5. What is p(-11)?
-6
Let s(w) = -w**3 - 4*w**2 - 5*w. Calculate s(-3).
6
Let m(k) = -9*k - 29. Determine m(-5).
16
Let u(x) = -23*x. What is u(1)?
-23
Let j(u) = 9*u + 241. Calculate j(-26).
7
Let i(b) = -b**2 + 9*b + 6. Determine i(9).
6
Let f(h) = -h**3 + 13*h**2 + 11*h + 17. What is f(14)?
-25
Let h(d) = -d**3 + 7*d**2 - d - 1. Give h(7).
-8
Let y(u) = -u**2 - u - 2. What is y(-2)?
-4
Let f(j) = 3*j + 1. Give f(-4).
-11
Let k(f) = -f**2 + 5*f - 5. Determine k(8).
-29
Let v(q) = q**3 - q + 27. Calculate v(0).
27
Let z(r) = r**2 - r + 7. What is z(0)?
7
Let z(a) = -3*a - 18. Determine z(-7).
3
Let h(l) = -4*l - 4. Calculate h(-1).
0
Let c(v) = -2*v - 25. What is c(-14)?
3
Let t(z) = -z - 3. Determine t(2).
-5
Let k(r) = -r + 19. Give k(22).
-3
Let g(h) = h**2 + 17*h - 41. Calculate g(-19).
-3
Let u(r) = -3*r**2 - 25*r - 11. Calculate u(-7).
17
Let m(b) = b**3 + 3*b**2 - 5*b + 6. What is m(-5)?
-19
Let a(w) = -w**3 - 13*w**2 - 14*w + 2. Determine a(-12).
26
Let s(o) = o**3 - 21*o**2 + 36*o + 38. Calculate s(19).
0
Let f(d) = -9*d - 33. Give f(-15).
102
Let x(t) = t**2 - 4*t + 4. What is x(2)?
0
Let d(z) = z. Determine d(-5).
-5
Let p(h) = -h**2 - 10. Give p(0).
-10
Let x(z) = -2*z**2 - 24*z + 17. Determine x(-12).
17
Let c(g) = -g**2 - 7*g + 134. Determine c(-15).
14
Let g(n) = n**3 - 25*n**2 + 29*n - 123. Determine g(24).
-3
Let j(n) = n**3 - 8*n**2 + 23*n - 6. Determine j(5).
34
Let l(f) = -f + 31. Determine l(8).
23
Let q(r) = -3*r - 2. Determine q(9).
-29
Let v(f) = -f**2 + 7*f - 9. Give v(4).
3
Let h(k) = 2*k**2 - 8*k - 3. Calculate h(7).
39
Let v(q) = -8*q**2 + q. Determine v(1).
-7
Let x(p) = -3*p + 13. Determine x(8).
-11
Let b(s) = -2*s**3 + 15*s**2 + s + 17. Calculate b(8).
-39
Let k(u) = -6*u. What is k(-1)?
6
Let s(k) = k**3 + 4*k**2 - 7*k - 24. Give s(-5).
-14
Let m(z) = -z**2 - 4*z + 17. Calculate m(-6).
5
Let n(o) = -o - 33. Give n(0).
-33
Let i(t) = 45*t + 39. Determine i(-2).
-51
Let w(l) = l**2 - 3*l - 79. Give w(10).
-9
Let n(h) = h**2 - 12*h + 11. Determine n(11).
0
Let p(v) = -v - 24. Calculate p(-26).
2
Let j(s) = -3*s**2 + 5*s - 7. Determine j(4).
-35
Let n(p) = -p**3 + 11*p**2 + 13*p - 5. What is n(12)?
7
Let c(l) = 3*l**3 + 14*l**2 + 11*l + 7. Determine c(-4).
-5
Let y(i) = i**3 + 7*i**2 + 2*i - 1. Give y(-5).
39
Let d(l) = -l**2 - 5*l + 1. Determine d(-3).
7
Let k(i) = i**2 - 2*i. Calculate k(-6).
48
Let h(z) = 9*z - 88. What is h(9)?
-7
Let k(r) = -6*r - 35. Determine k(-5).
-5
Let t(c) = 174*c - 886. Determine t(5).
-16
Let h(n) = n**3 + 8*n**2 + 6*n - 3. Calculate h(-7).
4
Let m(u) = 48*u + 853. Calculate m(-18).
-11
Let n(d) = -7*d**2 + d + 1. Give n(-1).
-7
Let k(j) = j - 28. What is k(9)?
-19
Let s(t) = -t**3 - 6*t**2 + 17*t + 4. Give s(-8).
-4
Let n(k) = -k**2 - 5*k - 2. Determine n(-6).
-8
Let y(z) = -z**3 + 7*z**2 - 3*z - 20. Give y(6).
-2
Let m(v) = -v + 22. Determine m(17).
5
Let q(r) = r**2 - 4*r - 58. Calculate q(7).
-37
Let t(f) = -f**2 + 28*f - 4. Determine t(26).
48
Let k(q) = -6*q - 37. What is k(-11)?
29
Let x(i) = -3*i**2 - 5*i - 2. Determine x(-3).
-14
Let x(o) = 2*o**3 + 29*o**2 + 18*o + 61. What is x(-14)?
5
Let f(j) = j**3 - 9*j**2 + 13*j + 22. Determine f(6).
-8
Let s(n) = 4*n + 21. Determine s(-4).
5
Let m(g) = 5*g + 74. What is m(-11)?
19
Let r(c) = -4*c**2 + 29*c - 33. Determine r(6).
-3
Let q(b) = -11*b - 2. Determine q(4).
-46
Let u(b) = -b**3 + 3*b**2 - 2. What is u(4)?
-18
Let f(y) = y**3 + 3*y**2 - 3*y + 2. Calculate f(-3).
11
Let l(n) = -22*n + 1. Determine l(1).
-21
Let d(z) = 2*z**2 + 12*z + 21. Determine d(-6).
21
Let v(c) = -c**2 - 5*c + 9. Determine v(1).
3
Let b(y) = y**3 - 2*y**2 - 9*y + 13. Determine b(4).
9
Let u(f) = f**3 - 13*f**2 - 15*f - 2. What is u(14)?
-16
Let z(o) = 3*o**3 + 20*o**2 + 15*o + 17. What is z(-6)?
-1
Let j(p) = -2*p - 3. Calculate j(-3).
3
Let o(m) = m**2 + 16*m + 7. Calculate o(-11).
-48
Let j(q) = -5*q + 2. Determine j(-4).
22
Let s(n) = -n**3 + 12*n**2 - n + 14. What is s(12)?
2
Let r(m) = m**2 - 4*m - 16. Determine r